f f and 75.
15
Suppose 9*x - 24 = 7*x. What is the greatest common divisor of x and 8?
4
Suppose 10 = -0*d + 3*d + 2*x, -2*x = -2*d + 10. Suppose 0 = d*y - t - 137, 127 = 5*y - y + t. What is the greatest common divisor of y and 22?
11
Suppose -3*j - 3*x = -0*j + 18, -5*x = 3*j + 18. Let k be 4/(-12) - 398/j. Calculate the highest common divisor of 44 and k.
22
Let u be (-44)/10 + (-16)/(-40). Let b be (-2)/4 + (-14)/u. Calculate the highest common divisor of b and 33.
3
Suppose 2 = -2*u + 14. Suppose -3*o = u - 51. Calculate the greatest common factor of o and 15.
15
Let t(u) = u**2 - 53. Let b be t(-9). What is the greatest common factor of b and 4?
4
Suppose -96 = 5*z + 64. Let n = z + 82. What is the greatest common factor of 10 and n?
10
Suppose 9 + 0 = 3*a. Let f(j) = j**2 - j - 4. Let u be f(a). What is the greatest common divisor of 8 and u?
2
Let w = 3 + -8. Let b(s) = 3*s + 7. Let o be b(w). Let m be (2/2)/(-7 - o). Calculate the highest common divisor of m and 1.
1
Suppose 0*t - d = -2*t + 19, -4*t = -4*d - 28. Suppose -2*g - 7*u = -3*u - 40, 0 = 3*g - 4*u - 50. What is the highest common divisor of t and g?
6
Let d be 17/(-3) - (-16)/24. Let n = 7 + d. Let h be 0 + n + 7 - -2. Calculate the highest common factor of 44 and h.
11
Suppose -4 - 1 = -g. Suppose -5*j = -0*z - 3*z - 147, -5*z = -g*j + 145. What is the highest common divisor of j and 75?
15
Let b = -128 + 68. Let x = 108 + b. Suppose -6*i = -i + 5*k - 135, 2*i = -4*k + x. Calculate the highest common divisor of i and 12.
6
Let j be 1/2*(1 + 5). Suppose 4*m + 8 - 24 = -4*v, 5*v - 18 = -j*m. Let x be 2/3 - 7/(-3). What is the greatest common factor of v and x?
3
Suppose 51 = 5*y + 16. Let b be 19/y + 4/14. Let d be b + 0 - (-3)/(-3). What is the greatest common factor of 14 and d?
2
Let b(q) = -q**3 - 2*q**2 + q - 1. Let u be b(-3). Suppose 0 = 2*m - u*m + 189. Suppose 0 = 20*k - 24*k + 84. What is the highest common factor of m and k?
21
Suppose 5*b - 15 - 10 = 0. Suppose -2*f + b*c + 4 = 3, 4*c = -3*f + 36. What is the highest common divisor of f and 8?
8
Suppose 28 = 2*a + 2*y, -2*y - 10 = -7*y. Suppose m - 61 = -1. Calculate the greatest common divisor of m and a.
12
Suppose 2*a + 5 = 1. Let x be (2 + 1)*a/(-2). Let b be ((-5)/x)/(2/(-24)). What is the highest common divisor of 10 and b?
10
Suppose -2*k + 490 = 2*d, 3*k + 2*d - 745 = -3*d. Calculate the highest common factor of k and 15.
15
Let v be (14/9)/((-3)/(-27)). Calculate the highest common factor of 28 and v.
14
Suppose 0 = z + 2*z - 57. Let t be 8/(-44) - (-2930)/22. Calculate the greatest common factor of z and t.
19
Suppose 5*r + 132 = 2*l, 0 = -l - r + 65 + 1. What is the greatest common divisor of 33 and l?
33
Let x be (-1)/(-3) - 138/(-18). Suppose -s + 4*s + 3*f - 33 = 0, 0 = -4*f + x. Calculate the greatest common factor of s and 81.
9
Suppose -5*f - 55 = -455. Calculate the greatest common factor of 10 and f.
10
Let r(c) = 7*c - 5. Let w be r(5). What is the highest common factor of w and 20?
10
Let h(u) = 2*u**2 + 8*u + 4. Let g be h(-8). Let l be 2/(-3) + g/3. What is the greatest common factor of 2 and l?
2
Let b be 50/4 - 2/4. Let k be (-2)/4 + (-5)/(-2). Suppose -n = -k*q - 0*n + 53, 4*q + 2*n = 86. What is the highest common divisor of q and b?
12
Let h be ((-10)/8)/(14/(-56)). Suppose -8*c = -h*c - 99. What is the greatest common factor of c and 22?
11
Suppose 0*t + 2*t = 68. What is the highest common factor of t and 51?
17
Suppose 4*q - 277 = 75. Let y be 0 + (3 - 1) + 3. Suppose -d - 79 = -3*l, 217 = y*l - d + q. Calculate the greatest common divisor of 5 and l.
5
Suppose -5*q = 5*o - 5, 7*o = 4*o + q + 7. Let b be o/(-6) + 8/(-12). Let s be ((1 - -41)*b)/(-1). What is the highest common factor of 21 and s?
21
Let w = -33 - -51. Let r be 4/2 + -3 + 73. What is the greatest common divisor of w and r?
18
Suppose 2*s = 8 - 0. Let h be s*12/16 - -14. What is the highest common factor of h and 85?
17
Suppose -4*o + 6*o = w + 8, w = -5*o + 13. Let a be 0*w/4 - -5. Let u be 5*(1 - -5 - -1). What is the greatest common divisor of a and u?
5
Suppose -5*f + 0*f + 135 = 5*o, -2*o = -3*f - 69. What is the greatest common divisor of 90 and o?
30
Let o be (-6)/(-11 - -5) + (0 - 0). What is the highest common divisor of o and 7?
1
Let d(j) = 10*j + 1. Let k be d(1). What is the highest common factor of k and 77?
11
Suppose -2*j + 19 = -3*q, -3*j + 2*q = -23 - 18. Suppose -3*c = 2*b - 380, c = -4*b + 309 + 441. Calculate the highest common factor of b and j.
17
Let m be (0 + -1 - 0)*-7. Suppose 2*s - m = 17. Calculate the highest common factor of s and 12.
12
Suppose -2*j + 5*t + 0 = 6, 0 = 4*t - 16. Calculate the greatest common factor of j and 1.
1
Suppose -c = 4 - 18. Suppose c*n - 10*n - 192 = 0. Calculate the greatest common factor of n and 6.
6
Suppose r - 6*r + 435 = 0. Suppose 2*f - r = 123. What is the greatest common factor of f and 15?
15
Suppose -3*h - 5*p = -75, 6*h + 2*p - 26 = 5*h. What is the greatest common divisor of h and 160?
20
Let a = -47 - -55. What is the greatest common factor of a and 8?
8
Let i be 1/((-110)/(-36) - 3). Let j(v) be the second derivative of -v**3/2 - 3*v**2 - v. Let k be j(-4). What is the greatest common factor of k and i?
6
Let y be 2/8 + 165/(-20). Suppose 0 = -3*b + b - 3*w + 30, 66 = 5*b + 3*w. Let c = y + b. Calculate the greatest common divisor of 4 and c.
4
Let g(o) = 2*o**3 + o**2 - 3*o - 4. Let x be g(3). Calculate the greatest common factor of 10 and x.
10
Suppose 2*n - 55 = -5*u + n, -5*u + 2*n + 70 = 0. Calculate the highest common divisor of 12 and u.
12
Let w be (0/(-2 + 1))/2. Suppose g = -y + 4*g - 13, -2*y + 4*g - 16 = w. Suppose -39 = y*h - 111. Calculate the highest common factor of 9 and h.
9
Suppose 264 = 4*h + 32. Suppose -2*r = p - 91, 23 = p + 5*r - 74. What is the highest common divisor of h and p?
29
Let m(t) = 9*t**2 - 3*t. Let q be m(4). Let k = -10 + 22. What is the greatest common divisor of k and q?
12
Let p(n) = n**2 - 3*n - 3. Let c be p(6). Let s be c*1 + (2 - 3). Calculate the highest common factor of s and 154.
14
Let y be (-3)/(-3*1/4). Suppose -b + 7 = l - 5, -2*l + 24 = -y*b. What is the greatest common divisor of 108 and l?
12
Let q = 1 - -2. Suppose 8*c - 4*t - 388 = q*c, 2*c - 2*t - 154 = 0. Let h = 25 + 7. What is the greatest common divisor of h and c?
16
Let l be (3 + -3)/(2 - 1). Let z(i) = 3 + 2*i + l*i - 3. Let b be z(12). Calculate the highest common factor of b and 60.
12
Suppose -m + 23 = 3*p, m - 5*m = 4*p - 92. Let i be (1 - (-7)/(-5)) + (-1731)/(-15). Calculate the greatest common divisor of i and m.
23
Let u be 3 + (1 + -3 - 0). Suppose -2*n = -12 - 10. Calculate the highest common divisor of n and u.
1
Suppose u = -0*t - 3*t + 100, -5*t + 185 = -2*u. What is the greatest common divisor of 7 and t?
7
Suppose -204 = -2*p - 2*p - 4*d, -2*d = 5*p - 270. What is the greatest common factor of 28 and p?
28
Let v = 48 - -43. Suppose -5*s + v = -159. What is the highest common factor of 10 and s?
10
Let j be 255/(-7) - 9/(-21). Let z = j - -60. Calculate the highest common divisor of z and 16.
8
Suppose -3*o = -4 - 5. Suppose -4*z = -2*r - 4, -3 - 15 = -r - o*z. What is the greatest common divisor of r and 6?
6
Suppose -156 = -7*b + 3*b. What is the greatest common divisor of b and 26?
13
Let f(i) be the first derivative of -i**2 - 6*i + 8. Let u be f(-14). Calculate the highest common factor of 55 and u.
11
Suppose i + 1 = 4. Let b be 74/14 + 8/(-28). Suppose u - i = b. What is the highest common factor of u and 12?
4
Let f be 67 - (-1 + 4 + 1). What is the highest common divisor of 18 and f?
9
Suppose -h = -3*h - 170. Let r = -45 - h. Suppose 0*i - 4*s + 6 = -2*i, -5*i + 2*s + 17 = 0. What is the highest common divisor of i and r?
5
Let l = -2 - 86. Let g be 2/9 + l/(-9). Calculate the greatest common factor of 25 and g.
5
Suppose 0 = 4*g - 7*g + 3. Let z be (-3)/(-6)*-4 - -3. Let k be z - 11*(0 - g). Calculate the highest common factor of 60 and k.
12
Suppose 0 = -2*b + 81 + 185. Calculate the greatest common factor of 38 and b.
19
Let d(t) = 60*t + 25. Let j be d(6). Calculate the highest common factor of j and 35.
35
Suppose 16 = 2*p + 2*p. Suppose 0*l - 64 = -p*l. What is the highest common divisor of l and 80